 thousands digit of 99777821?
7
What is the ten millions digit of 254810467?
5
What is the thousands digit of 686911008?
1
What is the ten millions digit of 86611751?
8
What is the billions digit of 1051934969?
1
What is the tens digit of 3517646?
4
What is the hundreds digit of 476141660?
6
What is the units digit of 129774271?
1
What is the thousands digit of 2811977838?
7
What is the hundreds digit of 2786779338?
3
What is the units digit of 319522568?
8
What is the hundred thousands digit of 7498421?
4
What is the thousands digit of 99470033?
0
What is the hundreds digit of 915760275?
2
What is the ten thousands digit of 3653140484?
4
What is the units digit of 149553102?
2
What is the ten thousands digit of 48698516?
9
What is the ten thousands digit of 363880200?
8
What is the tens digit of 714805777?
7
What is the hundred thousands digit of 626211950?
2
What is the billions digit of 7016714760?
7
What is the ten thousands digit of 5050602941?
0
What is the thousands digit of 37705952?
5
What is the ten thousands digit of 91588839?
8
What is the ten thousands digit of 2347234?
4
What is the ten thousands digit of 141099103?
9
What is the hundred millions digit of 4844727363?
8
What is the units digit of 3006699542?
2
What is the billions digit of 2009152606?
2
What is the thousands digit of 65188532?
8
What is the units digit of 510055984?
4
What is the hundreds digit of 235032770?
7
What is the ten millions digit of 5970246599?
7
What is the ten thousands digit of 300314082?
1
What is the hundreds digit of 109840876?
8
What is the hundreds digit of 77132044?
0
What is the ten millions digit of 20484605?
2
What is the units digit of 94905926?
6
What is the hundred thousands digit of 68765695?
7
What is the hundred thousands digit of 57994251?
9
What is the hundreds digit of 1080770976?
9
What is the millions digit of 600690592?
0
What is the tens digit of 2192036282?
8
What is the tens digit of 40436033?
3
What is the units digit of 211307406?
6
What is the tens digit of 3145900052?
5
What is the units digit of 475139192?
2
What is the units digit of 125605482?
2
What is the ten thousands digit of 1475477539?
7
What is the tens digit of 49123514?
1
What is the thousands digit of 2955494097?
4
What is the hundred millions digit of 111540679?
1
What is the millions digit of 1032617436?
2
What is the units digit of 7285472?
2
What is the units digit of 50907910?
0
What is the ten millions digit of 380823555?
8
What is the ten millions digit of 42212389?
4
What is the ten thousands digit of 73898805?
9
What is the thousands digit of 313232880?
2
What is the ten millions digit of 1518844575?
1
What is the units digit of 2182410032?
2
What is the tens digit of 162965164?
6
What is the tens digit of 1260145308?
0
What is the hundreds digit of 117172095?
0
What is the hundreds digit of 88048550?
5
What is the ten thousands digit of 4248017778?
1
What is the ten thousands digit of 3384611845?
1
What is the hundred millions digit of 720143150?
7
What is the hundreds digit of 143950451?
4
What is the hundreds digit of 1256554720?
7
What is the hundred thousands digit of 901173553?
1
What is the hundreds digit of 120524471?
4
What is the millions digit of 965147932?
5
What is the ten millions digit of 87669202?
8
What is the millions digit of 687517112?
7
What is the hundreds digit of 13107245?
2
What is the ten thousands digit of 85341250?
4
What is the hundred thousands digit of 713198572?
1
What is the hundred millions digit of 187923117?
1
What is the ten millions digit of 382538203?
8
What is the tens digit of 1261548558?
5
What is the thousands digit of 103397518?
7
What is the units digit of 483573357?
7
What is the units digit of 953642962?
2
What is the hundred thousands digit of 43653671?
6
What is the ten thousands digit of 317942206?
4
What is the hundred thousands digit of 2487187911?
1
What is the tens digit of 54007235?
3
What is the millions digit of 3468980?
3
What is the hundred thousands digit of 174770994?
7
What is the thousands digit of 48216534?
6
What is the ten thousands digit of 83438968?
3
What is the millions digit of 295005180?
5
What is the hundred thousands digit of 1598965064?
9
What is the hundred millions digit of 1806724483?
8
What is the tens digit of 200698987?
8
What is the hundred thousands digit of 372750334?
7
What is the tens digit of 431603718?
1
What is the thousands digit of 2452834?
2
What is the hundreds digit of 13064935?
9
What is the tens digit of 513509581?
8
What is the hundreds digit of 74938113?
1
What is the units digit of 413483329?
9
What is the tens digit of 74016432?
3
What is the units digit of 75491854?
4
What is the hundreds digit of 4426797754?
7
What is the tens digit of 45927408?
0
What is the thousands digit of 47280023?
0
What is the hundred thousands digit of 175753240?
7
What is the hundred thousands digit of 362372934?
3
What is the ten millions digit of 5750808279?
5
What is the hundred thousands digit of 131244602?
2
What is the ten thousands digit of 3800200661?
0
What is the thousands digit of 202309243?
9
What is the ten millions digit of 2476256646?
7
What is the ten millions digit of 2700654079?
0
What is the units digit of 852363088?
8
What is the ten thousands digit of 117286968?
8
What is the billions digit of 6705780752?
6
What is the millions digit of 91289162?
1
What is the thousands digit of 113285325?
5
What is the hundred thousands digit of 538289308?
2
What is the units digit of 44240605?
5
What is the thousands digit of 686705857?
5
What is the ten millions digit of 94859735?
9
What is the hundreds digit of 434082756?
7
What is the hundred thousands digit of 58888769?
8
What is the thousands digit of 1463846246?
6
What is the hundred thousands digit of 155409534?
4
What is the ten millions digit of 27773285?
2
What is the thousands digit of 1178452700?
2
What is the units digit of 44048249?
9
What is the ten thousands digit of 977175619?
7
What is the hundred thousands digit of 55794500?
7
What is the tens digit of 11404961?
6
What is the ten thousands digit of 4196423848?
2
What is the ten thousands digit of 5026216?
2
What is the hundred thousands digit of 118173996?
1
What is the hundred thousands digit of 39317377?
3
What is the hundreds digit of 91976045?
0
What is the ten millions digit of 196181038?
9
What is the thousands digit of 1148094112?
4
What is the ten thousands digit of 930444085?
4
What is the hundred millions digit of 1118586462?
1
What is the ten millions digit of 203383499?
0
What is the ten millions digit of 570657005?
7
What is the ten thousands digit of 6387774727?
7
What is the ten thousands digit of 46830469?
3
What is the tens digit of 2649250922?
2
What is the ten millions digit of 3073128073?
7
What is the billions digit of 3697952571?
3
What is the millions digit of 64892888?
4
What is the ten thousands digit of 26357542?
5
What is the hundreds digit of 91091460?
4
What is the ten millions digit of 32124564?
3
What is the units digit of 1596102285?
5
What is the hundred thousands digit of 57553812?
5
What is the hundreds digit of 3276586994?
9
What is the ten millions digit of 415232113?
1
What is the hundred thousands digit of 1106945391?
9
What is the tens digit of 4747137240?
4
What is the tens digit of 28495418?
1
What is the ten millions digit of 4252720141?
5
What is the thousands digit of 24703669?
3
What is the tens digit of 6533460?
6
What is the units digit of 30985214?
4
What is the tens digit of 89768335?
3
What is the thousands digit of 71344292?
4
What is the hundreds digit of 31909656?
6
What is the thousands digit of 2665061057?
1
What is the tens digit of 283634112?
1
What is the ten thousands digit of 261787066?
8
What is the thousands digit of 868062989?
2
What is the thousands digit of 117916909?
6
What is the hundred millions digit of 2289066178?
2
What is the thousands digit of 1953182363?
2
What is the millions digit of 476730182?
6
What is the hundreds digit of 42893460?
4
What is the hundreds digit of 101652890?
8
What is the ten thousands digit of 2798784015?
8
What is the ten millions digit of 73618522?
7
What is the units digit of 154555278?
8
What is the ten thousands digit of 17663554?
6
What is the